f 1071018?
1
What is the units digit of 333349?
9
What is the hundreds digit of 189244?
2
What is the hundred thousands digit of 16796505?
7
What is the hundred thousands digit of 3686921?
6
What is the units digit of 670809?
9
What is the thousands digit of 1626519?
6
What is the thousands digit of 807743?
7
What is the tens digit of 719166?
6
What is the ten thousands digit of 751693?
5
What is the hundreds digit of 26775?
7
What is the thousands digit of 3117108?
7
What is the ten thousands digit of 37446?
3
What is the tens digit of 219860?
6
What is the hundreds digit of 8337592?
5
What is the tens digit of 1291785?
8
What is the millions digit of 2206744?
2
What is the ten thousands digit of 552759?
5
What is the tens digit of 521?
2
What is the units digit of 908960?
0
What is the hundred thousands digit of 203910?
2
What is the tens digit of 838577?
7
What is the ten thousands digit of 6893445?
9
What is the hundred thousands digit of 366440?
3
What is the tens digit of 18548979?
7
What is the ten thousands digit of 16552869?
5
What is the millions digit of 2659788?
2
What is the millions digit of 1966084?
1
What is the units digit of 2841314?
4
What is the thousands digit of 277603?
7
What is the units digit of 611394?
4
What is the tens digit of 3723693?
9
What is the hundred thousands digit of 4929074?
9
What is the units digit of 164309?
9
What is the units digit of 179827?
7
What is the hundred thousands digit of 1533361?
5
What is the thousands digit of 11234476?
4
What is the units digit of 64067?
7
What is the tens digit of 912882?
8
What is the tens digit of 735748?
4
What is the units digit of 2966783?
3
What is the millions digit of 2874102?
2
What is the hundred thousands digit of 645716?
6
What is the units digit of 174025?
5
What is the thousands digit of 10404157?
4
What is the units digit of 5926584?
4
What is the hundreds digit of 2563877?
8
What is the thousands digit of 53003?
3
What is the thousands digit of 5288945?
8
What is the units digit of 521583?
3
What is the units digit of 1039600?
0
What is the hundred thousands digit of 1060982?
0
What is the tens digit of 23654306?
0
What is the thousands digit of 2555617?
5
What is the units digit of 1766079?
9
What is the hundreds digit of 2398979?
9
What is the ten thousands digit of 304248?
0
What is the units digit of 191381?
1
What is the millions digit of 3643994?
3
What is the units digit of 21552018?
8
What is the tens digit of 25730?
3
What is the hundred thousands digit of 11605573?
6
What is the thousands digit of 12444159?
4
What is the thousands digit of 502970?
2
What is the ten millions digit of 25173807?
2
What is the tens digit of 10960713?
1
What is the thousands digit of 1058937?
8
What is the thousands digit of 166940?
6
What is the ten thousands digit of 8057869?
5
What is the ten thousands digit of 457413?
5
What is the thousands digit of 4346001?
6
What is the hundreds digit of 1299820?
8
What is the ten thousands digit of 837989?
3
What is the tens digit of 15131304?
0
What is the hundreds digit of 9514529?
5
What is the ten thousands digit of 1761252?
6
What is the ten thousands digit of 383280?
8
What is the ten thousands digit of 235530?
3
What is the thousands digit of 84856?
4
What is the tens digit of 740175?
7
What is the hundred thousands digit of 593709?
5
What is the hundred thousands digit of 1115487?
1
What is the thousands digit of 8429420?
9
What is the tens digit of 427387?
8
What is the millions digit of 1925324?
1
What is the units digit of 446240?
0
What is the hundreds digit of 8667904?
9
What is the units digit of 258889?
9
What is the units digit of 1429128?
8
What is the thousands digit of 615087?
5
What is the units digit of 13049583?
3
What is the thousands digit of 294888?
4
What is the tens digit of 6428548?
4
What is the hundreds digit of 210009?
0
What is the hundreds digit of 355038?
0
What is the hundreds digit of 342401?
4
What is the hundred thousands digit of 275871?
2
What is the millions digit of 2846882?
2
What is the thousands digit of 219562?
9
What is the units digit of 32712?
2
What is the units digit of 37578426?
6
What is the units digit of 7138081?
1
What is the ten thousands digit of 929968?
2
What is the millions digit of 20197189?
0
What is the units digit of 571825?
5
What is the tens digit of 3475603?
0
What is the units digit of 19923970?
0
What is the thousands digit of 358329?
8
What is the hundreds digit of 22957102?
1
What is the hundreds digit of 2418?
4
What is the ten thousands digit of 3587208?
8
What is the units digit of 71515?
5
What is the hundreds digit of 2448436?
4
What is the thousands digit of 1563962?
3
What is the tens digit of 12408004?
0
What is the thousands digit of 501000?
1
What is the units digit of 7444573?
3
What is the hundred thousands digit of 26982049?
9
What is the tens digit of 1744885?
8
What is the tens digit of 3414293?
9
What is the units digit of 202946?
6
What is the millions digit of 9686304?
9
What is the ten thousands digit of 288831?
8
What is the hundred thousands digit of 307973?
3
What is the thousands digit of 3342925?
2
What is the hundreds digit of 26088345?
3
What is the hundreds digit of 426137?
1
What is the hundred thousands digit of 680641?
6
What is the hundred thousands digit of 1495320?
4
What is the ten thousands digit of 1978025?
7
What is the thousands digit of 587416?
7
What is the hundreds digit of 18233929?
9
What is the ten thousands digit of 1259771?
5
What is the ten thousands digit of 250220?
5
What is the ten thousands digit of 14383502?
8
What is the ten thousands digit of 324732?
2
What is the tens digit of 366057?
5
What is the units digit of 10435720?
0
What is the tens digit of 5915091?
9
What is the hundred thousands digit of 344695?
3
What is the tens digit of 9840402?
0
What is the units digit of 41904?
4
What is the thousands digit of 293287?
3
What is the tens digit of 20546031?
3
What is the hundreds digit of 2218713?
7
What is the ten millions digit of 23103418?
2
What is the hundreds digit of 206128?
1
What is the thousands digit of 18310976?
0
What is the ten thousands digit of 592534?
9
What is the hundreds digit of 177779?
7
What is the tens digit of 4533668?
6
What is the hundreds digit of 1597587?
5
What is the thousands digit of 12048205?
8
What is the hundred thousands digit of 253194?
2
What is the hundreds digit of 1295948?
9
What is the tens digit of 21000100?
0
What is the hundred thousands digit of 5345337?
3
What is the ten thousands digit of 40065322?
6
What is the thousands digit of 108375?
8
What is the tens digit of 792378?
7
What is the millions digit of 4610005?
4
What is the thousands digit of 234170?
4
What is the hundreds digit of 311562?
5
What is the thousands digit of 167611?
7
What is the thousands digit of 16613301?
3
What is the units digit of 883667?
7
What is the thousands digit of 589793?
9
What is the units digit of 24597813?
3
What is the hundreds digit of 7550198?
1
What is the thousands digit of 13768087?
8
What is the units digit of 302536?
6
What is the millions digit of 2128205?
2
What is the ten thousands digit of 40080766?
8
What is the ten millions digit of 32264575?
3
What is the hundred thousands digit of 199453?
1
What is the thousands digit of 3756089?
6
What is the hundreds digit of 932612?
6
What is the hundreds digit of 1955127?
1
What is the ten thousands digit of 576479?
7
What is the thousands digit of 461935?
1
What is the thousands digit of 886116?
6
What is the millions digit of 2947083?
2
What is the hundred thousands digit of 645621?
6
What is the tens digit of 64425?
2
What is the ten thousands digit of 25645335?
4
What is the millions digit of 2387595?
2
What is the ten thousands digit of 301429?
0
What is the hundred thousands digit of 2070300?
0
What is the ten millions digit of 13092867?
1
What is the hundred thousands digit of 1389249?
3
What is the thousands digit of 3855560?
5
What is the hundred thousands digit of 22957719?
9
What is the hundred thousands digit of 166276?
1
What is the tens digit of 2281939?
3
What is the hundreds digit of 42271?
2
What is the millions digit of 5916929?
5
What is the thousands digit of 400163?
0
What is the hundreds